{"id":8038,"date":"2026-04-09T13:02:29","date_gmt":"2026-04-09T11:02:29","guid":{"rendered":"https:\/\/www.ascensors-soler.cat\/project\/instal%c2%b7lacio-de-nou-ascensor-electric-a-finca-catalogada\/"},"modified":"2026-04-09T13:09:10","modified_gmt":"2026-04-09T11:09:10","slug":"instalacion-de-nuevo-ascensor-electrico-en-finca-catalogada","status":"publish","type":"project","link":"https:\/\/www.ascensors-soler.cat\/es\/project\/instalacion-de-nuevo-ascensor-electrico-en-finca-catalogada\/","title":{"rendered":"Instalaci\u00f3n de nuevo ascensor el\u00e9ctrico en finca catalogada"},"content":{"rendered":"<p>[et_pb_section fb_built=\u00bb1&#8243; _builder_version=\u00bb4.16&#8243; background_color=\u00bb#f4f4f4&#8243; global_colors_info=\u00bb{}\u00bb][et_pb_row column_structure=\u00bb1_2,1_2&#8243; _builder_version=\u00bb4.16&#8243; background_size=\u00bbinitial\u00bb background_position=\u00bbtop_left\u00bb background_repeat=\u00bbrepeat\u00bb global_colors_info=\u00bb{}\u00bb][et_pb_column type=\u00bb1_2&#8243; _builder_version=\u00bb4.16&#8243; custom_padding=\u00bb|||\u00bb global_colors_info=\u00bb{}\u00bb custom_padding__hover=\u00bb|||\u00bb][et_pb_text _builder_version=\u00bb4.27.5&#8243; header_font=\u00bb|300|||||||\u00bb header_font_size=\u00bb28px\u00bb header_line_height=\u00bb1.1em\u00bb hover_enabled=\u00bb0&#8243; border_width_bottom=\u00bb2px\u00bb global_colors_info=\u00bb{}\u00bb sticky_enabled=\u00bb0&#8243;]<\/p>\n<h1 class=\"titulo_pagina\"><strong>BARCELONA<\/strong><br \/>Instalaci\u00f3n de nuevo ascensor el\u00e9ctrico en finca catalogada<\/h1>\n<p>[\/et_pb_text][et_pb_text _builder_version=\u00bb4.27.5&#8243; text_font_size=\u00bb18px\u00bb hover_enabled=\u00bb0&#8243; global_colors_info=\u00bb{}\u00bb sticky_enabled=\u00bb0&#8243;]<\/p>\n<div class=\"info_pagina\">\n<div class=\"intro\">\n<div class=\"info_pagina\">\n<div id=\"gt-src-tools\">\n<div id=\"gt-src-tools-l\">\n<div id=\"gt-input-tool\">\n<div id=\"itamenu\">\n<div class=\"info_pagina\">\n<div class=\"info_pagina\">\n<p data-start=\"89\" data-end=\"445\">Se ha realizado la <strong data-start=\"108\" data-end=\"171\">instalaci\u00f3n de un ascensor el\u00e9ctrico sin cuarto de m\u00e1quinas<\/strong> en un edificio situado en la <strong data-start=\"201\" data-end=\"233\">calle Sep\u00falveda de Barcelona<\/strong>, con <strong data-start=\"239\" data-end=\"269\">6 paradas y doble embarque<\/strong>.<\/p>\n<p data-start=\"89\" data-end=\"445\">La instalaci\u00f3n se ha llevado a cabo en el <strong data-start=\"315\" data-end=\"357\">patio interior de una finca catalogada<\/strong>, requiriendo una soluci\u00f3n cuidada y respetuosa con el entorno arquitect\u00f3nico existente.<\/p>\n<p data-start=\"447\" data-end=\"706\">Para su integraci\u00f3n, se ha dise\u00f1ado una <strong data-start=\"487\" data-end=\"536\">estructura met\u00e1lica con cerramiento de vidrio<\/strong>, que permite optimizar el espacio disponible y aportar luminosidad, manteniendo la est\u00e9tica del edificio y mejorando la <strong data-start=\"657\" data-end=\"674\">accesibilidad<\/strong> y la funcionalidad de la finca.<\/p>\n<\/div>\n<\/div>\n<\/div>\n<\/div>\n<\/div>\n<\/div>\n<\/div>\n<\/div>\n<\/div>\n<p>[\/et_pb_text][\/et_pb_column][et_pb_column type=\u00bb1_2&#8243; _builder_version=\u00bb4.16&#8243; custom_padding=\u00bb|||\u00bb global_colors_info=\u00bb{}\u00bb custom_padding__hover=\u00bb|||\u00bb][et_pb_map_extended address=\u00bbCarrer de Sep\u00falveda, Eixample, Barcelona, Espa\u00f1a\u00bb zoom_level=\u00bb15&#8243; address_lat=\u00bb41.379481&#8243; address_lng=\u00bb2.1575749&#8243; map_type_control_style=\u00bbDROPDOWN_MENU\u00bb marker_center=\u00bboff\u00bb bounce_on_click_on_off=\u00bboff\u00bb marker_animation=\u00bbon\u00bb map_options=\u00bb4&#8243; map_height=\u00bb315px\u00bb map_height_tablet=\u00bb600&#8243; admin_label=\u00bbBarcelona\u00bb _builder_version=\u00bb4.27.5&#8243; text_orientation=\u00bbleft\u00bb border_width_all=\u00bb1px\u00bb global_colors_info=\u00bb{}\u00bb][et_pb_map_pin_extended title=\u00bbBarcelona &#8211; Carrer Sep\u00falveda\u00bb pin_address=\u00bbCarrer de Sep\u00falveda, Eixample, Barcelona, Espa\u00f1a\u00bb zoom_level=\u00bb16&#8243; pin_address_lat=\u00bb41.379481&#8243; pin_address_lng=\u00bb2.1575749&#8243; pin_fill_color=\u00bb#7c5d2e\u00bb pin_circle_color=\u00bb#ffffff\u00bb pin_on_off=\u00bboff\u00bb _builder_version=\u00bb4.27.5&#8243; global_colors_info=\u00bb{}\u00bb][\/et_pb_map_pin_extended][\/et_pb_map_extended][\/et_pb_column][\/et_pb_row][et_pb_row _builder_version=\u00bb4.16&#8243; background_size=\u00bbinitial\u00bb background_position=\u00bbtop_left\u00bb background_repeat=\u00bbrepeat\u00bb global_colors_info=\u00bb{}\u00bb][et_pb_column type=\u00bb4_4&#8243; _builder_version=\u00bb4.16&#8243; custom_padding=\u00bb|||\u00bb global_colors_info=\u00bb{}\u00bb custom_padding__hover=\u00bb|||\u00bb][et_pb_text _builder_version=\u00bb4.27.5&#8243; header_font=\u00bb|700|||||||\u00bb header_font_size=\u00bb28px\u00bb header_2_font_size=\u00bb22px\u00bb hover_enabled=\u00bb0&#8243; border_width_bottom=\u00bb2px\u00bb global_colors_info=\u00bb{}\u00bb sticky_enabled=\u00bb0&#8243;]<\/p>\n<h2 class=\"titulo_pagina\"><strong>Galer\u00eda de im\u00e1genes<\/strong><\/h2>\n<p>[\/et_pb_text][et_pb_gallery gallery_ids=\u00bb8034,8032,8030&#8243; posts_number=\u00bb15&#8243; show_title_and_caption=\u00bboff\u00bb _builder_version=\u00bb4.27.5&#8243; hover_enabled=\u00bb0&#8243; global_colors_info=\u00bb{}\u00bb sticky_enabled=\u00bb0&#8243;]<br \/>\n[\/et_pb_gallery][\/et_pb_column][\/et_pb_row][\/et_pb_section]<\/p>\n","protected":false},"excerpt":{"rendered":"<p>BARCELONAInstalaci\u00f3n de nuevo ascensor el\u00e9ctrico en finca catalogada Se ha realizado la instalaci\u00f3n de un ascensor el\u00e9ctrico sin cuarto de m\u00e1quinas en un edificio situado en la calle Sep\u00falveda de Barcelona, con 6 paradas y doble embarque. La instalaci\u00f3n se ha llevado a cabo en el patio interior de una finca catalogada, requiriendo una soluci\u00f3n [&hellip;]<\/p>\n","protected":false},"author":1,"featured_media":8034,"comment_status":"open","ping_status":"closed","template":"","meta":{"_et_pb_use_builder":"on","_et_pb_old_content":"","_et_gb_content_width":"","footnotes":""},"project_category":[63,65],"project_tag":[],"class_list":["post-8038","project","type-project","status-publish","has-post-thumbnail","hentry","project_category-ascensores","project_category-ascensores-electricos-sin-cuarto-de-maquinaria"],"_links":{"self":[{"href":"https:\/\/www.ascensors-soler.cat\/es\/wp-json\/wp\/v2\/project\/8038","targetHints":{"allow":["GET"]}}],"collection":[{"href":"https:\/\/www.ascensors-soler.cat\/es\/wp-json\/wp\/v2\/project"}],"about":[{"href":"https:\/\/www.ascensors-soler.cat\/es\/wp-json\/wp\/v2\/types\/project"}],"author":[{"embeddable":true,"href":"https:\/\/www.ascensors-soler.cat\/es\/wp-json\/wp\/v2\/users\/1"}],"replies":[{"embeddable":true,"href":"https:\/\/www.ascensors-soler.cat\/es\/wp-json\/wp\/v2\/comments?post=8038"}],"version-history":[{"count":3,"href":"https:\/\/www.ascensors-soler.cat\/es\/wp-json\/wp\/v2\/project\/8038\/revisions"}],"predecessor-version":[{"id":8042,"href":"https:\/\/www.ascensors-soler.cat\/es\/wp-json\/wp\/v2\/project\/8038\/revisions\/8042"}],"wp:featuredmedia":[{"embeddable":true,"href":"https:\/\/www.ascensors-soler.cat\/es\/wp-json\/wp\/v2\/media\/8034"}],"wp:attachment":[{"href":"https:\/\/www.ascensors-soler.cat\/es\/wp-json\/wp\/v2\/media?parent=8038"}],"wp:term":[{"taxonomy":"project_category","embeddable":true,"href":"https:\/\/www.ascensors-soler.cat\/es\/wp-json\/wp\/v2\/project_category?post=8038"},{"taxonomy":"project_tag","embeddable":true,"href":"https:\/\/www.ascensors-soler.cat\/es\/wp-json\/wp\/v2\/project_tag?post=8038"}],"curies":[{"name":"wp","href":"https:\/\/api.w.org\/{rel}","templated":true}]}}

Instalación de nuevo ascensor eléctrico en finca catalogada

<p>[et_pb_section fb_built=»1&#8243; _builder_version=»4.16&#8243; background_color=»#f4f4f4&#8243; global_colors_info=»{}»][et_pb_row column_structure=»1_2,1_2&#8243; _builder_version=»4.16&#8243; background_size=»initial» background_position=»top_left» background_repeat=»repeat» global_colors_info=»{}»][et_pb_column type=»1_2&#8243; _builder_version=»4.16&#8243; custom_padding=»|||» global_colors_info=»{}» custom_padding__hover=»|||»][et_pb_text _builder_version=»4.27.5&#8243; header_font=»|300|||||||» header_font_size=»28px» header_line_height=»1.1em» hover_enabled=»0&#8243; border_width_bottom=»2px» global_colors_info=»{}» sticky_enabled=»0&#8243;]</p>
<h1 class="titulo_pagina"><strong>BARCELONA</strong><br />Instalación de nuevo ascensor eléctrico en finca catalogada</h1>
<p>[/et_pb_text][et_pb_text _builder_version=»4.27.5&#8243; text_font_size=»18px» hover_enabled=»0&#8243; global_colors_info=»{}» sticky_enabled=»0&#8243;]</p>
<div class="info_pagina">
<div class="intro">
<div class="info_pagina">
<div id="gt-src-tools">
<div id="gt-src-tools-l">
<div id="gt-input-tool">
<div id="itamenu">
<div class="info_pagina">
<div class="info_pagina">
<p data-start="89" data-end="445">Se ha realizado la <strong data-start="108" data-end="171">instalación de un ascensor eléctrico sin cuarto de máquinas</strong> en un edificio situado en la <strong data-start="201" data-end="233">calle Sepúlveda de Barcelona</strong>, con <strong data-start="239" data-end="269">6 paradas y doble embarque</strong>.</p>
<p data-start="89" data-end="445">La instalación se ha llevado a cabo en el <strong data-start="315" data-end="357">patio interior de una finca catalogada</strong>, requiriendo una solución cuidada y respetuosa con el entorno arquitectónico existente.</p>
<p data-start="447" data-end="706">Para su integración, se ha diseñado una <strong data-start="487" data-end="536">estructura metálica con cerramiento de vidrio</strong>, que permite optimizar el espacio disponible y aportar luminosidad, manteniendo la estética del edificio y mejorando la <strong data-start="657" data-end="674">accesibilidad</strong> y la funcionalidad de la finca.</p>
</div>
</div>
</div>
</div>
</div>
</div>
</div>
</div>
</div>
<p>[/et_pb_text][/et_pb_column][et_pb_column type=»1_2&#8243; _builder_version=»4.16&#8243; custom_padding=»|||» global_colors_info=»{}» custom_padding__hover=»|||»][et_pb_map_extended address=»Carrer de Sepúlveda, Eixample, Barcelona, España» zoom_level=»15&#8243; address_lat=»41.379481&#8243; address_lng=»2.1575749&#8243; map_type_control_style=»DROPDOWN_MENU» marker_center=»off» bounce_on_click_on_off=»off» marker_animation=»on» map_options=»4&#8243; map_height=»315px» map_height_tablet=»600&#8243; admin_label=»Barcelona» _builder_version=»4.27.5&#8243; text_orientation=»left» border_width_all=»1px» global_colors_info=»{}»][et_pb_map_pin_extended title=»Barcelona &#8211; Carrer Sepúlveda» pin_address=»Carrer de Sepúlveda, Eixample, Barcelona, España» zoom_level=»16&#8243; pin_address_lat=»41.379481&#8243; pin_address_lng=»2.1575749&#8243; pin_fill_color=»#7c5d2e» pin_circle_color=»#ffffff» pin_on_off=»off» _builder_version=»4.27.5&#8243; global_colors_info=»{}»][/et_pb_map_pin_extended][/et_pb_map_extended][/et_pb_column][/et_pb_row][et_pb_row _builder_version=»4.16&#8243; background_size=»initial» background_position=»top_left» background_repeat=»repeat» global_colors_info=»{}»][et_pb_column type=»4_4&#8243; _builder_version=»4.16&#8243; custom_padding=»|||» global_colors_info=»{}» custom_padding__hover=»|||»][et_pb_text _builder_version=»4.27.5&#8243; header_font=»|700|||||||» header_font_size=»28px» header_2_font_size=»22px» hover_enabled=»0&#8243; border_width_bottom=»2px» global_colors_info=»{}» sticky_enabled=»0&#8243;]</p>
<h2 class="titulo_pagina"><strong>Galería de imágenes</strong></h2>
<p>[/et_pb_text][et_pb_gallery gallery_ids=»8034,8032,8030&#8243; posts_number=»15&#8243; show_title_and_caption=»off» _builder_version=»4.27.5&#8243; hover_enabled=»0&#8243; global_colors_info=»{}» sticky_enabled=»0&#8243;]<br />
[/et_pb_gallery][/et_pb_column][/et_pb_row][/et_pb_section]</p>

<p>BARCELONAInstalación de nuevo ascensor eléctrico en finca catalogada Se ha realizado la instalación de un ascensor eléctrico sin cuarto de máquinas en un edificio situado en la calle Sepúlveda de Barcelona, con 6 paradas y doble embarque. La instalación se ha llevado a cabo en el patio interior de una finca catalogada, requiriendo una solución [&hellip;]</p>
