{"id":6298,"date":"2023-02-13T10:51:43","date_gmt":"2023-02-13T09:51:43","guid":{"rendered":"https:\/\/www.ascensors-soler.cat\/project\/substitucio-de-portes-de-ascensor-a-barcelona\/"},"modified":"2023-11-07T12:19:06","modified_gmt":"2023-11-07T11:19:06","slug":"sustitucion-de-puertas-de-ascensor-en-barcelona","status":"publish","type":"project","link":"https:\/\/www.ascensors-soler.cat\/es\/project\/sustitucion-de-puertas-de-ascensor-en-barcelona\/","title":{"rendered":"Sustituci\u00f3n de puertas de ascensor en Barcelona"},"content":{"rendered":"<p>[et_pb_section fb_built=\u00bb1&#8243; _builder_version=\u00bb4.16&#8243; background_color=\u00bb#f4f4f4&#8243; global_colors_info=\u00bb{}\u00bb][et_pb_row column_structure=\u00bb1_2,1_2&#8243; _builder_version=\u00bb4.16&#8243; background_size=\u00bbinitial\u00bb background_position=\u00bbtop_left\u00bb background_repeat=\u00bbrepeat\u00bb global_colors_info=\u00bb{}\u00bb][et_pb_column type=\u00bb1_2&#8243; _builder_version=\u00bb4.16&#8243; custom_padding=\u00bb|||\u00bb global_colors_info=\u00bb{}\u00bb custom_padding__hover=\u00bb|||\u00bb][et_pb_text _builder_version=\u00bb4.19.4&#8243; header_font=\u00bb|300|||||||\u00bb header_font_size=\u00bb28px\u00bb header_line_height=\u00bb1.1em\u00bb border_width_bottom=\u00bb2px\u00bb global_colors_info=\u00bb{}\u00bb]<\/p>\n<h1 class=\"titulo_pagina\"><strong>BARCELONA<\/strong><br \/>Sustituci\u00f3n de puertas<\/h1>\n<p>[\/et_pb_text][et_pb_text _builder_version=\u00bb4.22.2&#8243; text_font_size=\u00bb18px\u00bb global_colors_info=\u00bb{}\u00bb]<\/p>\n<div class=\"info_pagina\">\n<div class=\"intro\">\n<div class=\"info_pagina\">\n<p>Trabajos de <strong>sustituci\u00f3n de las puertas<\/strong> del rellano de un <strong>ascensor el\u00e9ctrico<\/strong> con c\u00e1mara de maquinaria de un edificio situado en la ensanche izquierda de Barcelona. Se han <strong>sustituido puertas batientes por puertas autom\u00e1ticas<\/strong>.<\/p>\n<p>Con esta instalaci\u00f3n se evit\u00f3 tener que realizar una obra civil, con el consecuente <strong>ahorro econ\u00f3mico<\/strong>, <strong>minimizando las molestias<\/strong> a los vecinos y <strong>reducci\u00f3n de tiempo<\/strong> de ejecuci\u00f3n.<\/p>\n<\/div>\n<\/div>\n<\/div>\n<p>[\/et_pb_text][\/et_pb_column][et_pb_column type=\u00bb1_2&#8243; _builder_version=\u00bb4.16&#8243; custom_padding=\u00bb|||\u00bb global_colors_info=\u00bb{}\u00bb custom_padding__hover=\u00bb|||\u00bb][et_pb_map_extended address=\u00bbCarrer d&#8217;Ermengarda, 34, 08014 Barcelona, Espa\u00f1a\u00bb zoom_level=\u00bb16&#8243; address_lat=\u00bb41.3768016&#8243; address_lng=\u00bb2.142964&#8243; map_type_control_style=\u00bbDROPDOWN_MENU\u00bb marker_center=\u00bboff\u00bb bounce_on_click_on_off=\u00bboff\u00bb marker_animation=\u00bbon\u00bb map_options=\u00bb4&#8243; map_height=\u00bb315px\u00bb map_height_tablet=\u00bb600&#8243; admin_label=\u00bb08014 &#8211; Barcelona\u00bb _builder_version=\u00bb4.22.2&#8243; text_orientation=\u00bbleft\u00bb hover_enabled=\u00bb0&#8243; border_width_all=\u00bb1px\u00bb global_colors_info=\u00bb{}\u00bb sticky_enabled=\u00bb0&#8243;][et_pb_map_pin_extended title=\u00bb08014 &#8211; Barcelona\u00bb pin_address=\u00bbCarrer d&#8217;Ermengarda, 34, 08014 Barcelona, Espa\u00f1a\u00bb zoom_level=\u00bb14&#8243; pin_address_lat=\u00bb41.3768016&#8243; pin_address_lng=\u00bb2.142964&#8243; pin_fill_color=\u00bb#7c5d2e\u00bb pin_circle_color=\u00bb#ffffff\u00bb pin_on_off=\u00bboff\u00bb _builder_version=\u00bb4.22.2&#8243; hover_enabled=\u00bb0&#8243; global_colors_info=\u00bb{}\u00bb sticky_enabled=\u00bb0&#8243;][\/et_pb_map_pin_extended][\/et_pb_map_extended][\/et_pb_column][\/et_pb_row][et_pb_row _builder_version=\u00bb4.16&#8243; background_size=\u00bbinitial\u00bb background_position=\u00bbtop_left\u00bb background_repeat=\u00bbrepeat\u00bb global_colors_info=\u00bb{}\u00bb][et_pb_column type=\u00bb4_4&#8243; _builder_version=\u00bb4.16&#8243; custom_padding=\u00bb|||\u00bb global_colors_info=\u00bb{}\u00bb custom_padding__hover=\u00bb|||\u00bb][et_pb_text _builder_version=\u00bb4.16&#8243; header_font=\u00bb|700|||||||\u00bb header_font_size=\u00bb28px\u00bb header_2_font_size=\u00bb22px\u00bb border_width_bottom=\u00bb2px\u00bb global_colors_info=\u00bb{}\u00bb]<\/p>\n<h2 class=\"titulo_pagina\"><strong>Galeria d&#8217;imatges<\/strong><\/h2>\n<p>[\/et_pb_text][et_pb_gallery gallery_ids=\u00bb6285,6287,6289,6290,6288,6286&#8243; posts_number=\u00bb15&#8243; show_title_and_caption=\u00bboff\u00bb _builder_version=\u00bb4.19.4&#8243; global_colors_info=\u00bb{}\u00bb]<br \/>\n[\/et_pb_gallery][\/et_pb_column][\/et_pb_row][\/et_pb_section]<\/p>\n","protected":false},"excerpt":{"rendered":"<p>BARCELONASustituci\u00f3n de puertas Trabajos de sustituci\u00f3n de las puertas del rellano de un ascensor el\u00e9ctrico con c\u00e1mara de maquinaria de un edificio situado en la ensanche izquierda de Barcelona. Se han sustituido puertas batientes por puertas autom\u00e1ticas. Con esta instalaci\u00f3n se evit\u00f3 tener que realizar una obra civil, con el consecuente ahorro econ\u00f3mico, minimizando las [&hellip;]<\/p>\n","protected":false},"author":1,"featured_media":6290,"comment_status":"open","ping_status":"closed","template":"","meta":{"_et_pb_use_builder":"on","_et_pb_old_content":"","_et_gb_content_width":"","footnotes":""},"project_category":[63,64],"project_tag":[],"class_list":["post-6298","project","type-project","status-publish","has-post-thumbnail","hentry","project_category-ascensores","project_category-ascensores-electricos-con-cuarto-de-maquinaria"],"_links":{"self":[{"href":"https:\/\/www.ascensors-soler.cat\/es\/wp-json\/wp\/v2\/project\/6298","targetHints":{"allow":["GET"]}}],"collection":[{"href":"https:\/\/www.ascensors-soler.cat\/es\/wp-json\/wp\/v2\/project"}],"about":[{"href":"https:\/\/www.ascensors-soler.cat\/es\/wp-json\/wp\/v2\/types\/project"}],"author":[{"embeddable":true,"href":"https:\/\/www.ascensors-soler.cat\/es\/wp-json\/wp\/v2\/users\/1"}],"replies":[{"embeddable":true,"href":"https:\/\/www.ascensors-soler.cat\/es\/wp-json\/wp\/v2\/comments?post=6298"}],"version-history":[{"count":3,"href":"https:\/\/www.ascensors-soler.cat\/es\/wp-json\/wp\/v2\/project\/6298\/revisions"}],"predecessor-version":[{"id":6860,"href":"https:\/\/www.ascensors-soler.cat\/es\/wp-json\/wp\/v2\/project\/6298\/revisions\/6860"}],"wp:featuredmedia":[{"embeddable":true,"href":"https:\/\/www.ascensors-soler.cat\/es\/wp-json\/wp\/v2\/media\/6290"}],"wp:attachment":[{"href":"https:\/\/www.ascensors-soler.cat\/es\/wp-json\/wp\/v2\/media?parent=6298"}],"wp:term":[{"taxonomy":"project_category","embeddable":true,"href":"https:\/\/www.ascensors-soler.cat\/es\/wp-json\/wp\/v2\/project_category?post=6298"},{"taxonomy":"project_tag","embeddable":true,"href":"https:\/\/www.ascensors-soler.cat\/es\/wp-json\/wp\/v2\/project_tag?post=6298"}],"curies":[{"name":"wp","href":"https:\/\/api.w.org\/{rel}","templated":true}]}}

Sustitución de puertas de ascensor en Barcelona

<p>[et_pb_section fb_built=»1&#8243; _builder_version=»4.16&#8243; background_color=»#f4f4f4&#8243; global_colors_info=»{}»][et_pb_row column_structure=»1_2,1_2&#8243; _builder_version=»4.16&#8243; background_size=»initial» background_position=»top_left» background_repeat=»repeat» global_colors_info=»{}»][et_pb_column type=»1_2&#8243; _builder_version=»4.16&#8243; custom_padding=»|||» global_colors_info=»{}» custom_padding__hover=»|||»][et_pb_text _builder_version=»4.19.4&#8243; header_font=»|300|||||||» header_font_size=»28px» header_line_height=»1.1em» border_width_bottom=»2px» global_colors_info=»{}»]</p>
<h1 class="titulo_pagina"><strong>BARCELONA</strong><br />Sustitución de puertas</h1>
<p>[/et_pb_text][et_pb_text _builder_version=»4.22.2&#8243; text_font_size=»18px» global_colors_info=»{}»]</p>
<div class="info_pagina">
<div class="intro">
<div class="info_pagina">
<p>Trabajos de <strong>sustitución de las puertas</strong> del rellano de un <strong>ascensor eléctrico</strong> con cámara de maquinaria de un edificio situado en la ensanche izquierda de Barcelona. Se han <strong>sustituido puertas batientes por puertas automáticas</strong>.</p>
<p>Con esta instalación se evitó tener que realizar una obra civil, con el consecuente <strong>ahorro económico</strong>, <strong>minimizando las molestias</strong> a los vecinos y <strong>reducción de tiempo</strong> de ejecución.</p>
</div>
</div>
</div>
<p>[/et_pb_text][/et_pb_column][et_pb_column type=»1_2&#8243; _builder_version=»4.16&#8243; custom_padding=»|||» global_colors_info=»{}» custom_padding__hover=»|||»][et_pb_map_extended address=»Carrer d&#8217;Ermengarda, 34, 08014 Barcelona, España» zoom_level=»16&#8243; address_lat=»41.3768016&#8243; address_lng=»2.142964&#8243; map_type_control_style=»DROPDOWN_MENU» marker_center=»off» bounce_on_click_on_off=»off» marker_animation=»on» map_options=»4&#8243; map_height=»315px» map_height_tablet=»600&#8243; admin_label=»08014 &#8211; Barcelona» _builder_version=»4.22.2&#8243; text_orientation=»left» hover_enabled=»0&#8243; border_width_all=»1px» global_colors_info=»{}» sticky_enabled=»0&#8243;][et_pb_map_pin_extended title=»08014 &#8211; Barcelona» pin_address=»Carrer d&#8217;Ermengarda, 34, 08014 Barcelona, España» zoom_level=»14&#8243; pin_address_lat=»41.3768016&#8243; pin_address_lng=»2.142964&#8243; pin_fill_color=»#7c5d2e» pin_circle_color=»#ffffff» pin_on_off=»off» _builder_version=»4.22.2&#8243; hover_enabled=»0&#8243; global_colors_info=»{}» sticky_enabled=»0&#8243;][/et_pb_map_pin_extended][/et_pb_map_extended][/et_pb_column][/et_pb_row][et_pb_row _builder_version=»4.16&#8243; background_size=»initial» background_position=»top_left» background_repeat=»repeat» global_colors_info=»{}»][et_pb_column type=»4_4&#8243; _builder_version=»4.16&#8243; custom_padding=»|||» global_colors_info=»{}» custom_padding__hover=»|||»][et_pb_text _builder_version=»4.16&#8243; header_font=»|700|||||||» header_font_size=»28px» header_2_font_size=»22px» border_width_bottom=»2px» global_colors_info=»{}»]</p>
<h2 class="titulo_pagina"><strong>Galeria d&#8217;imatges</strong></h2>
<p>[/et_pb_text][et_pb_gallery gallery_ids=»6285,6287,6289,6290,6288,6286&#8243; posts_number=»15&#8243; show_title_and_caption=»off» _builder_version=»4.19.4&#8243; global_colors_info=»{}»]<br />
[/et_pb_gallery][/et_pb_column][/et_pb_row][/et_pb_section]</p>

<p>BARCELONASustitución de puertas Trabajos de sustitución de las puertas del rellano de un ascensor eléctrico con cámara de maquinaria de un edificio situado en la ensanche izquierda de Barcelona. Se han sustituido puertas batientes por puertas automáticas. Con esta instalación se evitó tener que realizar una obra civil, con el consecuente ahorro económico, minimizando las [&hellip;]</p>
