{"id":5012,"date":"2019-01-21T20:00:02","date_gmt":"2019-01-21T19:00:02","guid":{"rendered":"https:\/\/www.ascensors-soler.cat\/project\/igualada-ascensors-i-porta-automatica\/"},"modified":"2024-01-22T13:25:15","modified_gmt":"2024-01-22T12:25:15","slug":"igualada-ascensores","status":"publish","type":"project","link":"https:\/\/www.ascensors-soler.cat\/es\/project\/igualada-ascensores\/","title":{"rendered":"Igualada &#8211; Ascensores para la Fundaci\u00f3n Privada \u00c1uria"},"content":{"rendered":"<p>[et_pb_section fb_built=\u00bb1&#8243; _builder_version=\u00bb4.16&#8243; background_color=\u00bb#f4f4f4&#8243; global_colors_info=\u00bb{}\u00bb][et_pb_row column_structure=\u00bb1_2,1_2&#8243; _builder_version=\u00bb4.16&#8243; background_size=\u00bbinitial\u00bb background_position=\u00bbtop_left\u00bb background_repeat=\u00bbrepeat\u00bb global_colors_info=\u00bb{}\u00bb][et_pb_column type=\u00bb1_2&#8243; _builder_version=\u00bb4.16&#8243; custom_padding=\u00bb|||\u00bb global_colors_info=\u00bb{}\u00bb custom_padding__hover=\u00bb|||\u00bb][et_pb_text _builder_version=\u00bb4.22.2&#8243; header_font=\u00bb|300|||||||\u00bb header_font_size=\u00bb28px\u00bb header_line_height=\u00bb1.1em\u00bb border_width_bottom=\u00bb2px\u00bb global_colors_info=\u00bb{}\u00bb]<\/p>\n<h1 class=\"titulo_pagina\"><strong>IGUALADA<\/strong><br \/>Ascensores y puertas autom\u00e1ticas para la Fundaci\u00f3 Privada \u00c1uria<\/h1>\n<p>[\/et_pb_text][et_pb_text _builder_version=\u00bb4.24.0&#8243; text_font_size=\u00bb18px\u00bb hover_enabled=\u00bb0&#8243; global_colors_info=\u00bb{}\u00bb sticky_enabled=\u00bb0&#8243;]<\/p>\n<div class=\"info_pagina\">\n<div class=\"intro\">\n<div class=\"info_pagina\">\n<p>Nuevo edificio de la <a href=\"https:\/\/auriagrup.cat\" target=\"_blank\" rel=\"noopener\">Fundaci\u00f3n Privada \u00c1uria<\/a> en <strong>Igualada<\/strong>, <strong>Barcelona<\/strong>, en el que Ascensors Soler ha realizado la <strong>instalaci\u00f3n<\/strong> de 2 <strong>ascensores<\/strong>.<\/p>\n<\/div>\n<\/div>\n<\/div>\n<p>[\/et_pb_text][\/et_pb_column][et_pb_column type=\u00bb1_2&#8243; _builder_version=\u00bb4.16&#8243; custom_padding=\u00bb|||\u00bb global_colors_info=\u00bb{}\u00bb custom_padding__hover=\u00bb|||\u00bb][et_pb_map_extended address=\u00bbAv. d Andorra, 28, 08700 Igualada, Barcelona, Espa\u00f1a\u00bb zoom_level=\u00bb14&#8243; address_lat=\u00bb41.5905561&#8243; address_lng=\u00bb1.618975999999975&#8243; map_type_control_style=\u00bbDROPDOWN_MENU\u00bb marker_center=\u00bboff\u00bb bounce_on_click_on_off=\u00bboff\u00bb marker_animation=\u00bbon\u00bb map_options=\u00bb4&#8243; map_height=\u00bb315px\u00bb map_height_tablet=\u00bb600&#8243; admin_label=\u00bbAvinguda d&#8217;Andorra, 28, 08700 Igualada, Barcelona, Espa\u00f1a\u00bb _builder_version=\u00bb4.22.2&#8243; text_orientation=\u00bbleft\u00bb border_width_all=\u00bb1px\u00bb global_colors_info=\u00bb{}\u00bb][et_pb_map_pin_extended title=\u00bbFundaci\u00f3 Privada \u00c1uria\u00bb pin_address=\u00bbAvinguda d&#8217;Andorra, 28, 08700 Igualada, Barcelona, Espa\u00f1a\u00bb pin_address_lat=\u00bb41.5906605&#8243; pin_address_lng=\u00bb1.6188875999999937&#8243; pin_fill_color=\u00bb#7c5d2e\u00bb pin_circle_color=\u00bb#ffffff\u00bb pin_on_off=\u00bboff\u00bb _builder_version=\u00bb4.22.2&#8243; global_colors_info=\u00bb{}\u00bb][\/et_pb_map_pin_extended][\/et_pb_map_extended][\/et_pb_column][\/et_pb_row][et_pb_row _builder_version=\u00bb4.16&#8243; background_size=\u00bbinitial\u00bb background_position=\u00bbtop_left\u00bb background_repeat=\u00bbrepeat\u00bb global_colors_info=\u00bb{}\u00bb][et_pb_column type=\u00bb4_4&#8243; _builder_version=\u00bb4.16&#8243; custom_padding=\u00bb|||\u00bb global_colors_info=\u00bb{}\u00bb custom_padding__hover=\u00bb|||\u00bb][et_pb_text _builder_version=\u00bb4.16&#8243; header_font=\u00bb|700|||||||\u00bb header_font_size=\u00bb28px\u00bb header_2_font_size=\u00bb22px\u00bb border_width_bottom=\u00bb2px\u00bb global_colors_info=\u00bb{}\u00bb]<\/p>\n<h2 class=\"titulo_pagina\"><strong>Galer\u00eda de im\u00e1genes<\/strong><\/h2>\n<p>[\/et_pb_text][et_pb_gallery gallery_ids=\u00bb4155,4156,4159,4160&#8243; posts_number=\u00bb15&#8243; show_title_and_caption=\u00bboff\u00bb _builder_version=\u00bb4.24.0&#8243; hover_enabled=\u00bb0&#8243; global_colors_info=\u00bb{}\u00bb sticky_enabled=\u00bb0&#8243;]<br \/>\n[\/et_pb_gallery][\/et_pb_column][\/et_pb_row][\/et_pb_section]<\/p>\n","protected":false},"excerpt":{"rendered":"<p>IGUALADAAscensores y puertas autom\u00e1ticas para la Fundaci\u00f3 Privada \u00c1uria Nuevo edificio de la Fundaci\u00f3n Privada \u00c1uria en Igualada, Barcelona, en el que Ascensors Soler ha realizado la instalaci\u00f3n de 2 ascensores. Galer\u00eda de im\u00e1genes<\/p>\n","protected":false},"author":1,"featured_media":5013,"comment_status":"open","ping_status":"closed","template":"","meta":{"_et_pb_use_builder":"on","_et_pb_old_content":"","_et_gb_content_width":"","footnotes":""},"project_category":[63,67,80,81],"project_tag":[],"class_list":["post-5012","project","type-project","status-publish","has-post-thumbnail","hentry","project_category-ascensores","project_category-ascensores-oleodinamicos-sin-cuarto","project_category-puertas-automaticas","project_category-puertas-de-vidrio-geze"],"_links":{"self":[{"href":"https:\/\/www.ascensors-soler.cat\/es\/wp-json\/wp\/v2\/project\/5012","targetHints":{"allow":["GET"]}}],"collection":[{"href":"https:\/\/www.ascensors-soler.cat\/es\/wp-json\/wp\/v2\/project"}],"about":[{"href":"https:\/\/www.ascensors-soler.cat\/es\/wp-json\/wp\/v2\/types\/project"}],"author":[{"embeddable":true,"href":"https:\/\/www.ascensors-soler.cat\/es\/wp-json\/wp\/v2\/users\/1"}],"replies":[{"embeddable":true,"href":"https:\/\/www.ascensors-soler.cat\/es\/wp-json\/wp\/v2\/comments?post=5012"}],"version-history":[{"count":4,"href":"https:\/\/www.ascensors-soler.cat\/es\/wp-json\/wp\/v2\/project\/5012\/revisions"}],"predecessor-version":[{"id":6928,"href":"https:\/\/www.ascensors-soler.cat\/es\/wp-json\/wp\/v2\/project\/5012\/revisions\/6928"}],"wp:featuredmedia":[{"embeddable":true,"href":"https:\/\/www.ascensors-soler.cat\/es\/wp-json\/wp\/v2\/media\/5013"}],"wp:attachment":[{"href":"https:\/\/www.ascensors-soler.cat\/es\/wp-json\/wp\/v2\/media?parent=5012"}],"wp:term":[{"taxonomy":"project_category","embeddable":true,"href":"https:\/\/www.ascensors-soler.cat\/es\/wp-json\/wp\/v2\/project_category?post=5012"},{"taxonomy":"project_tag","embeddable":true,"href":"https:\/\/www.ascensors-soler.cat\/es\/wp-json\/wp\/v2\/project_tag?post=5012"}],"curies":[{"name":"wp","href":"https:\/\/api.w.org\/{rel}","templated":true}]}}

Igualada &#8211; Ascensores para la Fundación Privada Áuria

<p>[et_pb_section fb_built=»1&#8243; _builder_version=»4.16&#8243; background_color=»#f4f4f4&#8243; global_colors_info=»{}»][et_pb_row column_structure=»1_2,1_2&#8243; _builder_version=»4.16&#8243; background_size=»initial» background_position=»top_left» background_repeat=»repeat» global_colors_info=»{}»][et_pb_column type=»1_2&#8243; _builder_version=»4.16&#8243; custom_padding=»|||» global_colors_info=»{}» custom_padding__hover=»|||»][et_pb_text _builder_version=»4.22.2&#8243; header_font=»|300|||||||» header_font_size=»28px» header_line_height=»1.1em» border_width_bottom=»2px» global_colors_info=»{}»]</p>
<h1 class="titulo_pagina"><strong>IGUALADA</strong><br />Ascensores y puertas automáticas para la Fundació Privada Áuria</h1>
<p>[/et_pb_text][et_pb_text _builder_version=»4.24.0&#8243; text_font_size=»18px» hover_enabled=»0&#8243; global_colors_info=»{}» sticky_enabled=»0&#8243;]</p>
<div class="info_pagina">
<div class="intro">
<div class="info_pagina">
<p>Nuevo edificio de la <a href="https://auriagrup.cat" target="_blank" rel="noopener">Fundación Privada Áuria</a> en <strong>Igualada</strong>, <strong>Barcelona</strong>, en el que Ascensors Soler ha realizado la <strong>instalación</strong> de 2 <strong>ascensores</strong>.</p>
</div>
</div>
</div>
<p>[/et_pb_text][/et_pb_column][et_pb_column type=»1_2&#8243; _builder_version=»4.16&#8243; custom_padding=»|||» global_colors_info=»{}» custom_padding__hover=»|||»][et_pb_map_extended address=»Av. d Andorra, 28, 08700 Igualada, Barcelona, España» zoom_level=»14&#8243; address_lat=»41.5905561&#8243; address_lng=»1.618975999999975&#8243; map_type_control_style=»DROPDOWN_MENU» marker_center=»off» bounce_on_click_on_off=»off» marker_animation=»on» map_options=»4&#8243; map_height=»315px» map_height_tablet=»600&#8243; admin_label=»Avinguda d&#8217;Andorra, 28, 08700 Igualada, Barcelona, España» _builder_version=»4.22.2&#8243; text_orientation=»left» border_width_all=»1px» global_colors_info=»{}»][et_pb_map_pin_extended title=»Fundació Privada Áuria» pin_address=»Avinguda d&#8217;Andorra, 28, 08700 Igualada, Barcelona, España» pin_address_lat=»41.5906605&#8243; pin_address_lng=»1.6188875999999937&#8243; pin_fill_color=»#7c5d2e» pin_circle_color=»#ffffff» pin_on_off=»off» _builder_version=»4.22.2&#8243; global_colors_info=»{}»][/et_pb_map_pin_extended][/et_pb_map_extended][/et_pb_column][/et_pb_row][et_pb_row _builder_version=»4.16&#8243; background_size=»initial» background_position=»top_left» background_repeat=»repeat» global_colors_info=»{}»][et_pb_column type=»4_4&#8243; _builder_version=»4.16&#8243; custom_padding=»|||» global_colors_info=»{}» custom_padding__hover=»|||»][et_pb_text _builder_version=»4.16&#8243; header_font=»|700|||||||» header_font_size=»28px» header_2_font_size=»22px» border_width_bottom=»2px» global_colors_info=»{}»]</p>
<h2 class="titulo_pagina"><strong>Galería de imágenes</strong></h2>
<p>[/et_pb_text][et_pb_gallery gallery_ids=»4155,4156,4159,4160&#8243; posts_number=»15&#8243; show_title_and_caption=»off» _builder_version=»4.24.0&#8243; hover_enabled=»0&#8243; global_colors_info=»{}» sticky_enabled=»0&#8243;]<br />
[/et_pb_gallery][/et_pb_column][/et_pb_row][/et_pb_section]</p>

<p>IGUALADAAscensores y puertas automáticas para la Fundació Privada Áuria Nuevo edificio de la Fundación Privada Áuria en Igualada, Barcelona, en el que Ascensors Soler ha realizado la instalación de 2 ascensores. Galería de imágenes</p>
