{"id":5532,"date":"2019-02-26T13:50:27","date_gmt":"2019-02-26T12:50:27","guid":{"rendered":"https:\/\/www.ascensors-soler.cat\/galeria-de-fotos-bicicletada-del-50-aniversari-dascensors-soler\/"},"modified":"2019-03-04T18:16:11","modified_gmt":"2019-03-04T17:16:11","slug":"galeria-de-fotos-bicicletada-del-50-aniversario-de-ascensors-soler","status":"publish","type":"page","link":"https:\/\/www.ascensors-soler.cat\/es\/galeria-de-fotos-bicicletada-del-50-aniversario-de-ascensors-soler\/","title":{"rendered":"Galer\u00eda de fotos Bicicletada del 50 aniversario de Ascensors Soler"},"content":{"rendered":"<p>[et_pb_section bb_built=\u00bb1&#8243; specialty=\u00bboff\u00bb _builder_version=\u00bb3.17.6&#8243; next_background_color=\u00bb#ffffff\u00bb background_color=\u00bb#000000&#8243; custom_margin=\u00bb0px||0px|\u00bb custom_padding=\u00bb0px||0px|\u00bb][et_pb_row _builder_version=\u00bb3.17.6&#8243; custom_padding=\u00bb50px||7px|\u00bb][et_pb_column type=\u00bb4_4&#8243;][et_pb_text _builder_version=\u00bb3.19.12&#8243; header_font=\u00bb|300||on|||||\u00bb header_font_size=\u00bb28px\u00bb header_text_color=\u00bb#ffffff\u00bb]<\/p>\n<h1 style=\"text-align: center;\"><strong>Noticias<\/strong><\/h1>\n<p>[\/et_pb_text][\/et_pb_column][\/et_pb_row][\/et_pb_section][et_pb_section bb_built=\u00bb1&#8243; prev_background_color=\u00bb#000000&#8243;][et_pb_row _builder_version=\u00bb3.0.48&#8243; background_size=\u00bbinitial\u00bb background_position=\u00bbtop_left\u00bb background_repeat=\u00bbrepeat\u00bb][et_pb_column type=\u00bb1_2&#8243;][et_pb_text _builder_version=\u00bb3.19.12&#8243; header_font=\u00bb|300|||||||\u00bb header_font_size=\u00bb28px\u00bb header_line_height=\u00bb1.1em\u00bb border_width_bottom=\u00bb2px\u00bb]<\/p>\n<h1 class=\"titulo_pagina\"><strong>Galer\u00eda de fotos<\/strong> <br \/>Bicicletada del 50 aniversario de Ascensors Soler<\/h1>\n<p>[\/et_pb_text][et_pb_text _builder_version=\u00bb3.19.12&#8243; text_font_size=\u00bb18px\u00bb disabled_on=\u00bboff||\u00bb disabled=\u00bboff\u00bb]<\/p>\n<p>El equipo de Ascensores Soler, en celebraci\u00f3n del 50 aniversario, realiz\u00f3 una salida en bicicleta.<\/p>\n<p>[\/et_pb_text][\/et_pb_column][et_pb_column type=\u00bb1_2&#8243;][\/et_pb_column][\/et_pb_row][et_pb_row][et_pb_column type=\u00bb4_4&#8243;][et_pb_gallery _builder_version=\u00bb3.19.12&#8243; gallery_ids=\u00bb4910,4911,4912,4913&#8243; hover_overlay_color=\u00bbrgba(255,255,255,0.9)\u00bb posts_number=\u00bb16&#8243; title_font=\u00bb||on||||||\u00bb \/][\/et_pb_column][\/et_pb_row][\/et_pb_section]<\/p>\n","protected":false},"excerpt":{"rendered":"<p>Noticias Galer\u00eda de fotos Bicicletada del 50 aniversario de Ascensors Soler El equipo de Ascensores Soler, en celebraci\u00f3n del 50 aniversario, realiz\u00f3 una salida en bicicleta. <div class=\"et_pb_row et_pb_row_0 et_pb_row_empty\">\n\t\t\t\t\n\t\t\t\t\n\t\t\t\t\n\t\t\t\t\n\t\t\t\t\n\t\t\t<\/div><\/p>\n","protected":false},"author":1,"featured_media":0,"parent":0,"menu_order":0,"comment_status":"closed","ping_status":"closed","template":"","meta":{"_et_pb_use_builder":"on","_et_pb_old_content":"","_et_gb_content_width":"","footnotes":""},"class_list":["post-5532","page","type-page","status-publish","hentry"],"_links":{"self":[{"href":"https:\/\/www.ascensors-soler.cat\/es\/wp-json\/wp\/v2\/pages\/5532","targetHints":{"allow":["GET"]}}],"collection":[{"href":"https:\/\/www.ascensors-soler.cat\/es\/wp-json\/wp\/v2\/pages"}],"about":[{"href":"https:\/\/www.ascensors-soler.cat\/es\/wp-json\/wp\/v2\/types\/page"}],"author":[{"embeddable":true,"href":"https:\/\/www.ascensors-soler.cat\/es\/wp-json\/wp\/v2\/users\/1"}],"replies":[{"embeddable":true,"href":"https:\/\/www.ascensors-soler.cat\/es\/wp-json\/wp\/v2\/comments?post=5532"}],"version-history":[{"count":0,"href":"https:\/\/www.ascensors-soler.cat\/es\/wp-json\/wp\/v2\/pages\/5532\/revisions"}],"wp:attachment":[{"href":"https:\/\/www.ascensors-soler.cat\/es\/wp-json\/wp\/v2\/media?parent=5532"}],"curies":[{"name":"wp","href":"https:\/\/api.w.org\/{rel}","templated":true}]}}

Galería de fotos Bicicletada del 50 aniversario de Ascensors Soler

<p>[et_pb_section bb_built=»1&#8243; specialty=»off» _builder_version=»3.17.6&#8243; next_background_color=»#ffffff» background_color=»#000000&#8243; custom_margin=»0px||0px|» custom_padding=»0px||0px|»][et_pb_row _builder_version=»3.17.6&#8243; custom_padding=»50px||7px|»][et_pb_column type=»4_4&#8243;][et_pb_text _builder_version=»3.19.12&#8243; header_font=»|300||on|||||» header_font_size=»28px» header_text_color=»#ffffff»]</p>
<h1 style="text-align: center;"><strong>Noticias</strong></h1>
<p>[/et_pb_text][/et_pb_column][/et_pb_row][/et_pb_section][et_pb_section bb_built=»1&#8243; prev_background_color=»#000000&#8243;][et_pb_row _builder_version=»3.0.48&#8243; background_size=»initial» background_position=»top_left» background_repeat=»repeat»][et_pb_column type=»1_2&#8243;][et_pb_text _builder_version=»3.19.12&#8243; header_font=»|300|||||||» header_font_size=»28px» header_line_height=»1.1em» border_width_bottom=»2px»]</p>
<h1 class="titulo_pagina"><strong>Galería de fotos</strong> <br />Bicicletada del 50 aniversario de Ascensors Soler</h1>
<p>[/et_pb_text][et_pb_text _builder_version=»3.19.12&#8243; text_font_size=»18px» disabled_on=»off||» disabled=»off»]</p>
<p>El equipo de Ascensores Soler, en celebración del 50 aniversario, realizó una salida en bicicleta.</p>
<p>[/et_pb_text][/et_pb_column][et_pb_column type=»1_2&#8243;][/et_pb_column][/et_pb_row][et_pb_row][et_pb_column type=»4_4&#8243;][et_pb_gallery _builder_version=»3.19.12&#8243; gallery_ids=»4910,4911,4912,4913&#8243; hover_overlay_color=»rgba(255,255,255,0.9)» posts_number=»16&#8243; title_font=»||on||||||» /][/et_pb_column][/et_pb_row][/et_pb_section]</p>

<p>Noticias Galería de fotos Bicicletada del 50 aniversario de Ascensors Soler El equipo de Ascensores Soler, en celebración del 50 aniversario, realizó una salida en bicicleta. <div class="et_pb_row et_pb_row_0 et_pb_row_empty">
				
				
				
				
				
			</div></p>
