{"id":4959,"date":"2018-12-05T12:01:07","date_gmt":"2018-12-05T11:01:07","guid":{"rendered":"https:\/\/www.ascensors-soler.cat\/instal%c2%b7lacio-dascensors\/"},"modified":"2026-04-27T13:01:39","modified_gmt":"2026-04-27T11:01:39","slug":"instalacion-de-ascensores","status":"publish","type":"page","link":"https:\/\/www.ascensors-soler.cat\/es\/instalacion-de-ascensores\/","title":{"rendered":"Ascensores"},"content":{"rendered":"<p>[et_pb_section fb_built=\u00bb1&#8243; _builder_version=\u00bb4.16&#8243; background_color=\u00bb#000000&#8243; custom_margin=\u00bb0px||0px|\u00bb custom_padding=\u00bb0px||0px|\u00bb global_colors_info=\u00bb{}\u00bb][et_pb_row _builder_version=\u00bb4.16&#8243; custom_padding=\u00bb50px||7px|\u00bb global_colors_info=\u00bb{}\u00bb][et_pb_column type=\u00bb4_4&#8243; _builder_version=\u00bb4.16&#8243; custom_padding=\u00bb|||\u00bb global_colors_info=\u00bb{}\u00bb custom_padding__hover=\u00bb|||\u00bb][et_pb_text _builder_version=\u00bb4.16&#8243; header_font=\u00bb|300||on|||||\u00bb header_text_color=\u00bb#ffffff\u00bb header_font_size=\u00bb28px\u00bb global_colors_info=\u00bb{}\u00bb]<\/p>\n<h1 style=\"text-align: center;\">Instalaci\u00f3n de <strong>ascensores<\/strong><\/h1>\n<p>[\/et_pb_text][\/et_pb_column][\/et_pb_row][\/et_pb_section][et_pb_section fb_built=\u00bb1&#8243; _builder_version=\u00bb4.16&#8243; global_colors_info=\u00bb{}\u00bb][et_pb_row column_structure=\u00bb1_3,1_3,1_3&#8243; disabled_on=\u00bbon|on|off\u00bb _builder_version=\u00bb4.16&#8243; global_colors_info=\u00bb{}\u00bb][et_pb_column type=\u00bb1_3&#8243; _builder_version=\u00bb4.16&#8243; custom_padding=\u00bb|||\u00bb global_colors_info=\u00bb{}\u00bb custom_padding__hover=\u00bb|||\u00bb][et_pb_image src=\u00bbhttps:\/\/www.ascensors-soler.cat\/wp-content\/uploads\/2019\/02\/ascensors.jpg\u00bb align_tablet=\u00bbcenter\u00bb align_phone=\u00bbcenter\u00bb align_last_edited=\u00bbon|desktop\u00bb _builder_version=\u00bb4.16&#8243; global_colors_info=\u00bb{}\u00bb][\/et_pb_image][\/et_pb_column][et_pb_column type=\u00bb1_3&#8243; _builder_version=\u00bb4.16&#8243; custom_padding=\u00bb|||\u00bb custom_css_main_element=\u00bbwidth: 35.667% !important;\u00bb global_colors_info=\u00bb{}\u00bb custom_padding__hover=\u00bb|||\u00bb][et_pb_text _builder_version=\u00bb4.27.5&#8243; global_colors_info=\u00bb{}\u00bb]<\/p>\n<p>Ascensors Soler realiza <strong>instalaci\u00f3n y mantenimiento de ascensores<\/strong> en Catalu\u00f1a. Trabajamos en Barcelona, Badalona, Tarragona, Lleida, Girona, Reus, Terrassa, Matar\u00f3, Hospitalet de Llobregat, Santa Coloma de Gramanet, Sabadell, etc.<\/p>\n<p>Si desea puede ponerse en <a href=\"\/es\/contacto\/\">contacto<\/a> con nosotros o llamarnos al n\u00famero de tel\u00e9fono 934 216 911<\/p>\n<p>[\/et_pb_text][\/et_pb_column][et_pb_column type=\u00bb1_3&#8243; _builder_version=\u00bb4.16&#8243; custom_padding=\u00bb|||\u00bb custom_css_main_element=\u00bbwidth: 23.667% !important;\u00bb global_colors_info=\u00bb{}\u00bb custom_padding__hover=\u00bb|||\u00bb][et_pb_button button_url=\u00bb\/es\/instalacion-de-ascensores-electricos-sin-cuarto-de-maquinaria\/\u00bb button_text=\u00bbEl\u00e9ctricos sin cuarto de maquinaria\u00bb button_alignment=\u00bbcenter\u00bb admin_label=\u00bbEl\u00e9ctricos sin cuarto de maquinaria\u00bb _builder_version=\u00bb4.16&#8243; custom_margin=\u00bb||4%|\u00bb custom_css_main_element=\u00bbwidth: 100% !important;\u00bb global_colors_info=\u00bb{}\u00bb][\/et_pb_button][et_pb_button button_url=\u00bb\/es\/instalacion-de-ascensores-oleodinamicos-sin-cuarto\/\u00bb button_text=\u00bbOleodin\u00e1micos sin cuarto\u00bb button_alignment=\u00bbcenter\u00bb admin_label=\u00bbOleodin\u00e1micos sin cuarto\u00bb _builder_version=\u00bb4.16&#8243; custom_margin=\u00bb||4%|\u00bb custom_css_main_element=\u00bbwidth: 100% !important;\u00bb global_colors_info=\u00bb{}\u00bb][\/et_pb_button][et_pb_button button_url=\u00bb\/es\/instalacion-de-ascensores-electricos-con-cuarto-de-maquinaria\/\u00bb button_text=\u00bbEl\u00e9ctricos con cuarto de maquinaria\u00bb button_alignment=\u00bbcenter\u00bb admin_label=\u00bbEl\u00e9ctricos con cuarto de maquinaria\u00bb _builder_version=\u00bb4.16&#8243; custom_margin=\u00bb||4%|\u00bb custom_css_main_element=\u00bbwidth: 100% !important;\u00bb global_colors_info=\u00bb{}\u00bb][\/et_pb_button][et_pb_button button_url=\u00bb\/es\/instalacion-de-ascensores-oleodinamicos-con-cuarto\/\u00bb button_text=\u00bbOleodin\u00e1micos con cuarto\u00bb button_alignment=\u00bbcenter\u00bb admin_label=\u00bbOleodin\u00e1micos con cuarto\u00bb _builder_version=\u00bb4.16&#8243; custom_margin=\u00bb||4%|\u00bb custom_css_main_element=\u00bbwidth: 100% !important;\u00bb global_colors_info=\u00bb{}\u00bb][\/et_pb_button][et_pb_button button_url=\u00bb\/es\/instalacion-de-elevadores-cabinados-oleodinamicos\/\u00bb button_text=\u00bbElevador cabinado oleodin\u00e1mico\u00bb button_alignment=\u00bbcenter\u00bb admin_label=\u00bbElevador cabinado oleodin\u00e1mico\u00bb _builder_version=\u00bb4.16&#8243; custom_margin=\u00bb||4%|\u00bb custom_css_main_element=\u00bbwidth: 100% !important;\u00bb global_colors_info=\u00bb{}\u00bb][\/et_pb_button][et_pb_button button_url=\u00bb\/es\/instalacion-de-ascensores-inclinados\/\u00bb button_text=\u00bbAscensores inclinados\u00bb button_alignment=\u00bbcenter\u00bb admin_label=\u00bbAscensores inclinados\u00bb _builder_version=\u00bb4.16&#8243; custom_margin=\u00bb||4%|\u00bb custom_css_main_element=\u00bbwidth: 100% !important;\u00bb global_colors_info=\u00bb{}\u00bb][\/et_pb_button][\/et_pb_column][\/et_pb_row][et_pb_row column_structure=\u00bb1_3,1_3,1_3&#8243; disabled_on=\u00bb||on\u00bb admin_label=\u00bbResponsive\u00bb _builder_version=\u00bb4.16&#8243; collapsed=\u00bboff\u00bb global_colors_info=\u00bb{}\u00bb][et_pb_column type=\u00bb1_3&#8243; _builder_version=\u00bb4.16&#8243; custom_padding=\u00bb|||\u00bb global_colors_info=\u00bb{}\u00bb custom_padding__hover=\u00bb|||\u00bb][et_pb_image src=\u00bbhttps:\/\/www.ascensors-soler.cat\/wp-content\/uploads\/2019\/02\/ascensors.jpg\u00bb align_tablet=\u00bbcenter\u00bb align_phone=\u00bbcenter\u00bb align_last_edited=\u00bbon|desktop\u00bb _builder_version=\u00bb4.16&#8243; global_colors_info=\u00bb{}\u00bb][\/et_pb_image][\/et_pb_column][et_pb_column type=\u00bb1_3&#8243; _builder_version=\u00bb4.16&#8243; custom_padding=\u00bb|||\u00bb global_colors_info=\u00bb{}\u00bb custom_padding__hover=\u00bb|||\u00bb][et_pb_text _builder_version=\u00bb4.27.5&#8243; global_colors_info=\u00bb{}\u00bb]<\/p>\n<p>Ascensors Soler realiza <strong>instalaci\u00f3n y mantenimiento de ascensores<\/strong> en Catalu\u00f1a. Trabajamos en Barcelona, Badalona, Tarragona, Lleida, Girona, Reus, Terrassa, Matar\u00f3, Hospitalet de Llobregat, Santa Coloma de Gramanet, Sabadell, etc.<\/p>\n<p>Si desea puede ponerse en <a href=\"\/es\/contacto\/\">contacto<\/a> con nosotros o llamarnos al n\u00famero de tel\u00e9fono 934 216 911<\/p>\n<p>[\/et_pb_text][\/et_pb_column][et_pb_column type=\u00bb1_3&#8243; _builder_version=\u00bb4.16&#8243; custom_padding=\u00bb|||\u00bb global_colors_info=\u00bb{}\u00bb custom_padding__hover=\u00bb|||\u00bb][et_pb_button button_url=\u00bb\/es\/instalacion-de-ascensores-electricos-sin-cuarto-de-maquinaria\/\u00bb button_text=\u00bbEl\u00e9ctricos sin cuarto de maquinaria\u00bb button_alignment=\u00bbcenter\u00bb admin_label=\u00bbEl\u00e9ctricos sin cuarto de maquinaria\u00bb _builder_version=\u00bb4.16&#8243; custom_margin=\u00bb||4%|\u00bb custom_css_main_element=\u00bbwidth: 100% !important;\u00bb global_colors_info=\u00bb{}\u00bb][\/et_pb_button][et_pb_button button_url=\u00bb\/es\/instalacion-de-ascensores-oleodinamicos-sin-cuarto\/\u00bb button_text=\u00bbOleodin\u00e1micos sin cuarto\u00bb button_alignment=\u00bbcenter\u00bb admin_label=\u00bbOleodin\u00e1micos sin cuarto\u00bb _builder_version=\u00bb4.16&#8243; custom_margin=\u00bb||4%|\u00bb custom_css_main_element=\u00bbwidth: 100% !important;\u00bb global_colors_info=\u00bb{}\u00bb][\/et_pb_button][et_pb_button button_url=\u00bb\/es\/instalacion-de-ascensores-electricos-con-cuarto-de-maquinaria\/\u00bb button_text=\u00bbEl\u00e9ctricos con cuarto de maquinaria\u00bb button_alignment=\u00bbcenter\u00bb admin_label=\u00bbEl\u00e9ctricos con cuarto de maquinaria\u00bb _builder_version=\u00bb4.16&#8243; custom_margin=\u00bb||4%|\u00bb custom_css_main_element=\u00bbwidth: 100% !important;\u00bb global_colors_info=\u00bb{}\u00bb][\/et_pb_button][et_pb_button button_url=\u00bb\/es\/instalacion-de-ascensores-oleodinamicos-con-cuarto\/\u00bb button_text=\u00bbOleodin\u00e1micos con cuarto\u00bb button_alignment=\u00bbcenter\u00bb admin_label=\u00bbOleodin\u00e1micos con cuarto\u00bb _builder_version=\u00bb4.16&#8243; custom_margin=\u00bb||4%|\u00bb custom_css_main_element=\u00bbwidth: 100% !important;\u00bb global_colors_info=\u00bb{}\u00bb][\/et_pb_button][et_pb_button button_url=\u00bb\/es\/instalacion-de-elevadores-cabinados-oleodinamicos\/\u00bb button_text=\u00bbElevador cabinado oleodin\u00e1mico\u00bb button_alignment=\u00bbcenter\u00bb admin_label=\u00bbElevador cabinado oleodin\u00e1mico\u00bb _builder_version=\u00bb4.16&#8243; custom_margin=\u00bb||4%|\u00bb custom_css_main_element=\u00bbwidth: 100% !important;\u00bb global_colors_info=\u00bb{}\u00bb][\/et_pb_button][et_pb_button button_url=\u00bb\/es\/instalacion-de-ascensores-inclinados\/\u00bb button_text=\u00bbAscensores inclinados\u00bb button_alignment=\u00bbcenter\u00bb admin_label=\u00bbAscensores inclinados\u00bb _builder_version=\u00bb4.16&#8243; custom_margin=\u00bb||4%|\u00bb custom_css_main_element=\u00bbwidth: 100% !important;\u00bb global_colors_info=\u00bb{}\u00bb][\/et_pb_button][\/et_pb_column][\/et_pb_row][\/et_pb_section][et_pb_section fb_built=\u00bb1&#8243; _builder_version=\u00bb4.16&#8243; background_color=\u00bb#f4f4f4&#8243; global_colors_info=\u00bb{}\u00bb][et_pb_row _builder_version=\u00bb4.16&#8243; global_colors_info=\u00bb{}\u00bb][et_pb_column type=\u00bb4_4&#8243; _builder_version=\u00bb4.16&#8243; custom_padding=\u00bb|||\u00bb global_colors_info=\u00bb{}\u00bb custom_padding__hover=\u00bb|||\u00bb][et_pb_text _builder_version=\u00bb4.16&#8243; header_font=\u00bb|700||on|||||\u00bb header_text_color=\u00bb#1a3f74&#8243; header_font_size=\u00bb32px\u00bb header_2_font=\u00bb|700||on|||||\u00bb header_2_text_color=\u00bb#1a3f74&#8243; header_2_font_size=\u00bb22px\u00bb border_width_bottom=\u00bb2px\u00bb border_color_bottom=\u00bb#1a3f74&#8243; global_colors_info=\u00bb{}\u00bb]<\/p>\n<h2 style=\"text-align: left;\">PROYECTOS REALIZADOS<\/h2>\n<p>[\/et_pb_text][\/et_pb_column][\/et_pb_row][et_pb_row _builder_version=\u00bb4.16&#8243; background_size=\u00bbinitial\u00bb background_position=\u00bbtop_left\u00bb background_repeat=\u00bbrepeat\u00bb global_colors_info=\u00bb{}\u00bb][et_pb_column type=\u00bb4_4&#8243; _builder_version=\u00bb4.16&#8243; custom_padding=\u00bb|||\u00bb global_colors_info=\u00bb{}\u00bb custom_padding__hover=\u00bb|||\u00bb][et_pb_portfolio fullwidth=\u00bboff\u00bb posts_number=\u00bb28&#8243; include_categories=\u00bb31&#8243; show_categories=\u00bboff\u00bb zoom_icon_color=\u00bb#1a3f74&#8243; _builder_version=\u00bb4.16&#8243; title_font=\u00bb||on||||||\u00bb title_font_size=\u00bb17&#8243; title_line_height=\u00bb1.3em\u00bb global_colors_info=\u00bb{}\u00bb][\/et_pb_portfolio][\/et_pb_column][\/et_pb_row][\/et_pb_section]<\/p>\n","protected":false},"excerpt":{"rendered":"<p>Instalaci\u00f3n de ascensores Ascensors Soler realiza instalaci\u00f3n y mantenimiento de ascensores en Catalu\u00f1a. Trabajamos en Barcelona, Badalona, Tarragona, Lleida, Girona, Reus, Terrassa, Matar\u00f3, Hospitalet de Llobregat, Santa Coloma de Gramanet, Sabadell, etc. Si desea puede ponerse en contacto con nosotros o llamarnos al n\u00famero de tel\u00e9fono 934 216 911Ascensors Soler realiza instalaci\u00f3n y mantenimiento de [&hellip;]<\/p>\n","protected":false},"author":1,"featured_media":0,"parent":0,"menu_order":0,"comment_status":"closed","ping_status":"closed","template":"","meta":{"_et_pb_use_builder":"on","_et_pb_old_content":"","_et_gb_content_width":"","footnotes":""},"class_list":["post-4959","page","type-page","status-publish","hentry"],"_links":{"self":[{"href":"https:\/\/www.ascensors-soler.cat\/es\/wp-json\/wp\/v2\/pages\/4959","targetHints":{"allow":["GET"]}}],"collection":[{"href":"https:\/\/www.ascensors-soler.cat\/es\/wp-json\/wp\/v2\/pages"}],"about":[{"href":"https:\/\/www.ascensors-soler.cat\/es\/wp-json\/wp\/v2\/types\/page"}],"author":[{"embeddable":true,"href":"https:\/\/www.ascensors-soler.cat\/es\/wp-json\/wp\/v2\/users\/1"}],"replies":[{"embeddable":true,"href":"https:\/\/www.ascensors-soler.cat\/es\/wp-json\/wp\/v2\/comments?post=4959"}],"version-history":[{"count":2,"href":"https:\/\/www.ascensors-soler.cat\/es\/wp-json\/wp\/v2\/pages\/4959\/revisions"}],"predecessor-version":[{"id":8094,"href":"https:\/\/www.ascensors-soler.cat\/es\/wp-json\/wp\/v2\/pages\/4959\/revisions\/8094"}],"wp:attachment":[{"href":"https:\/\/www.ascensors-soler.cat\/es\/wp-json\/wp\/v2\/media?parent=4959"}],"curies":[{"name":"wp","href":"https:\/\/api.w.org\/{rel}","templated":true}]}}

<p>[et_pb_section fb_built=»1&#8243; _builder_version=»4.16&#8243; background_color=»#000000&#8243; custom_margin=»0px||0px|» custom_padding=»0px||0px|» global_colors_info=»{}»][et_pb_row _builder_version=»4.16&#8243; custom_padding=»50px||7px|» global_colors_info=»{}»][et_pb_column type=»4_4&#8243; _builder_version=»4.16&#8243; custom_padding=»|||» global_colors_info=»{}» custom_padding__hover=»|||»][et_pb_text _builder_version=»4.16&#8243; header_font=»|300||on|||||» header_text_color=»#ffffff» header_font_size=»28px» global_colors_info=»{}»]</p>
<h1 style="text-align: center;">Instalación de <strong>ascensores</strong></h1>
<p>[/et_pb_text][/et_pb_column][/et_pb_row][/et_pb_section][et_pb_section fb_built=»1&#8243; _builder_version=»4.16&#8243; global_colors_info=»{}»][et_pb_row column_structure=»1_3,1_3,1_3&#8243; disabled_on=»on|on|off» _builder_version=»4.16&#8243; global_colors_info=»{}»][et_pb_column type=»1_3&#8243; _builder_version=»4.16&#8243; custom_padding=»|||» global_colors_info=»{}» custom_padding__hover=»|||»][et_pb_image src=»https://www.ascensors-soler.cat/wp-content/uploads/2019/02/ascensors.jpg» align_tablet=»center» align_phone=»center» align_last_edited=»on|desktop» _builder_version=»4.16&#8243; global_colors_info=»{}»][/et_pb_image][/et_pb_column][et_pb_column type=»1_3&#8243; _builder_version=»4.16&#8243; custom_padding=»|||» custom_css_main_element=»width: 35.667% !important;» global_colors_info=»{}» custom_padding__hover=»|||»][et_pb_text _builder_version=»4.27.5&#8243; global_colors_info=»{}»]</p>
<p>Ascensors Soler realiza <strong>instalación y mantenimiento de ascensores</strong> en Cataluña. Trabajamos en Barcelona, Badalona, Tarragona, Lleida, Girona, Reus, Terrassa, Mataró, Hospitalet de Llobregat, Santa Coloma de Gramanet, Sabadell, etc.</p>
<p>Si desea puede ponerse en <a href="/es/contacto/">contacto</a> con nosotros o llamarnos al número de teléfono 934 216 911</p>
<p>[/et_pb_text][/et_pb_column][et_pb_column type=»1_3&#8243; _builder_version=»4.16&#8243; custom_padding=»|||» custom_css_main_element=»width: 23.667% !important;» global_colors_info=»{}» custom_padding__hover=»|||»][et_pb_button button_url=»/es/instalacion-de-ascensores-electricos-sin-cuarto-de-maquinaria/» button_text=»Eléctricos sin cuarto de maquinaria» button_alignment=»center» admin_label=»Eléctricos sin cuarto de maquinaria» _builder_version=»4.16&#8243; custom_margin=»||4%|» custom_css_main_element=»width: 100% !important;» global_colors_info=»{}»][/et_pb_button][et_pb_button button_url=»/es/instalacion-de-ascensores-oleodinamicos-sin-cuarto/» button_text=»Oleodinámicos sin cuarto» button_alignment=»center» admin_label=»Oleodinámicos sin cuarto» _builder_version=»4.16&#8243; custom_margin=»||4%|» custom_css_main_element=»width: 100% !important;» global_colors_info=»{}»][/et_pb_button][et_pb_button button_url=»/es/instalacion-de-ascensores-electricos-con-cuarto-de-maquinaria/» button_text=»Eléctricos con cuarto de maquinaria» button_alignment=»center» admin_label=»Eléctricos con cuarto de maquinaria» _builder_version=»4.16&#8243; custom_margin=»||4%|» custom_css_main_element=»width: 100% !important;» global_colors_info=»{}»][/et_pb_button][et_pb_button button_url=»/es/instalacion-de-ascensores-oleodinamicos-con-cuarto/» button_text=»Oleodinámicos con cuarto» button_alignment=»center» admin_label=»Oleodinámicos con cuarto» _builder_version=»4.16&#8243; custom_margin=»||4%|» custom_css_main_element=»width: 100% !important;» global_colors_info=»{}»][/et_pb_button][et_pb_button button_url=»/es/instalacion-de-elevadores-cabinados-oleodinamicos/» button_text=»Elevador cabinado oleodinámico» button_alignment=»center» admin_label=»Elevador cabinado oleodinámico» _builder_version=»4.16&#8243; custom_margin=»||4%|» custom_css_main_element=»width: 100% !important;» global_colors_info=»{}»][/et_pb_button][et_pb_button button_url=»/es/instalacion-de-ascensores-inclinados/» button_text=»Ascensores inclinados» button_alignment=»center» admin_label=»Ascensores inclinados» _builder_version=»4.16&#8243; custom_margin=»||4%|» custom_css_main_element=»width: 100% !important;» global_colors_info=»{}»][/et_pb_button][/et_pb_column][/et_pb_row][et_pb_row column_structure=»1_3,1_3,1_3&#8243; disabled_on=»||on» admin_label=»Responsive» _builder_version=»4.16&#8243; collapsed=»off» global_colors_info=»{}»][et_pb_column type=»1_3&#8243; _builder_version=»4.16&#8243; custom_padding=»|||» global_colors_info=»{}» custom_padding__hover=»|||»][et_pb_image src=»https://www.ascensors-soler.cat/wp-content/uploads/2019/02/ascensors.jpg» align_tablet=»center» align_phone=»center» align_last_edited=»on|desktop» _builder_version=»4.16&#8243; global_colors_info=»{}»][/et_pb_image][/et_pb_column][et_pb_column type=»1_3&#8243; _builder_version=»4.16&#8243; custom_padding=»|||» global_colors_info=»{}» custom_padding__hover=»|||»][et_pb_text _builder_version=»4.27.5&#8243; global_colors_info=»{}»]</p>
<p>Ascensors Soler realiza <strong>instalación y mantenimiento de ascensores</strong> en Cataluña. Trabajamos en Barcelona, Badalona, Tarragona, Lleida, Girona, Reus, Terrassa, Mataró, Hospitalet de Llobregat, Santa Coloma de Gramanet, Sabadell, etc.</p>
<p>Si desea puede ponerse en <a href="/es/contacto/">contacto</a> con nosotros o llamarnos al número de teléfono 934 216 911</p>
<p>[/et_pb_text][/et_pb_column][et_pb_column type=»1_3&#8243; _builder_version=»4.16&#8243; custom_padding=»|||» global_colors_info=»{}» custom_padding__hover=»|||»][et_pb_button button_url=»/es/instalacion-de-ascensores-electricos-sin-cuarto-de-maquinaria/» button_text=»Eléctricos sin cuarto de maquinaria» button_alignment=»center» admin_label=»Eléctricos sin cuarto de maquinaria» _builder_version=»4.16&#8243; custom_margin=»||4%|» custom_css_main_element=»width: 100% !important;» global_colors_info=»{}»][/et_pb_button][et_pb_button button_url=»/es/instalacion-de-ascensores-oleodinamicos-sin-cuarto/» button_text=»Oleodinámicos sin cuarto» button_alignment=»center» admin_label=»Oleodinámicos sin cuarto» _builder_version=»4.16&#8243; custom_margin=»||4%|» custom_css_main_element=»width: 100% !important;» global_colors_info=»{}»][/et_pb_button][et_pb_button button_url=»/es/instalacion-de-ascensores-electricos-con-cuarto-de-maquinaria/» button_text=»Eléctricos con cuarto de maquinaria» button_alignment=»center» admin_label=»Eléctricos con cuarto de maquinaria» _builder_version=»4.16&#8243; custom_margin=»||4%|» custom_css_main_element=»width: 100% !important;» global_colors_info=»{}»][/et_pb_button][et_pb_button button_url=»/es/instalacion-de-ascensores-oleodinamicos-con-cuarto/» button_text=»Oleodinámicos con cuarto» button_alignment=»center» admin_label=»Oleodinámicos con cuarto» _builder_version=»4.16&#8243; custom_margin=»||4%|» custom_css_main_element=»width: 100% !important;» global_colors_info=»{}»][/et_pb_button][et_pb_button button_url=»/es/instalacion-de-elevadores-cabinados-oleodinamicos/» button_text=»Elevador cabinado oleodinámico» button_alignment=»center» admin_label=»Elevador cabinado oleodinámico» _builder_version=»4.16&#8243; custom_margin=»||4%|» custom_css_main_element=»width: 100% !important;» global_colors_info=»{}»][/et_pb_button][et_pb_button button_url=»/es/instalacion-de-ascensores-inclinados/» button_text=»Ascensores inclinados» button_alignment=»center» admin_label=»Ascensores inclinados» _builder_version=»4.16&#8243; custom_margin=»||4%|» custom_css_main_element=»width: 100% !important;» global_colors_info=»{}»][/et_pb_button][/et_pb_column][/et_pb_row][/et_pb_section][et_pb_section fb_built=»1&#8243; _builder_version=»4.16&#8243; background_color=»#f4f4f4&#8243; global_colors_info=»{}»][et_pb_row _builder_version=»4.16&#8243; global_colors_info=»{}»][et_pb_column type=»4_4&#8243; _builder_version=»4.16&#8243; custom_padding=»|||» global_colors_info=»{}» custom_padding__hover=»|||»][et_pb_text _builder_version=»4.16&#8243; header_font=»|700||on|||||» header_text_color=»#1a3f74&#8243; header_font_size=»32px» header_2_font=»|700||on|||||» header_2_text_color=»#1a3f74&#8243; header_2_font_size=»22px» border_width_bottom=»2px» border_color_bottom=»#1a3f74&#8243; global_colors_info=»{}»]</p>
<h2 style="text-align: left;">PROYECTOS REALIZADOS</h2>
<p>[/et_pb_text][/et_pb_column][/et_pb_row][et_pb_row _builder_version=»4.16&#8243; background_size=»initial» background_position=»top_left» background_repeat=»repeat» global_colors_info=»{}»][et_pb_column type=»4_4&#8243; _builder_version=»4.16&#8243; custom_padding=»|||» global_colors_info=»{}» custom_padding__hover=»|||»][et_pb_portfolio fullwidth=»off» posts_number=»28&#8243; include_categories=»31&#8243; show_categories=»off» zoom_icon_color=»#1a3f74&#8243; _builder_version=»4.16&#8243; title_font=»||on||||||» title_font_size=»17&#8243; title_line_height=»1.3em» global_colors_info=»{}»][/et_pb_portfolio][/et_pb_column][/et_pb_row][/et_pb_section]</p>

<p>Instalación de ascensores Ascensors Soler realiza instalación y mantenimiento de ascensores en Cataluña. Trabajamos en Barcelona, Badalona, Tarragona, Lleida, Girona, Reus, Terrassa, Mataró, Hospitalet de Llobregat, Santa Coloma de Gramanet, Sabadell, etc. Si desea puede ponerse en contacto con nosotros o llamarnos al número de teléfono 934 216 911Ascensors Soler realiza instalación y mantenimiento de [&hellip;]</p>
